se c + i = 3*a. Calculate the remainder when 43 is divided by a.
13
Let s(c) = c**3 + 16*c**2 + 12*c - 17. Calculate the remainder when 80 is divided by s(-15).
24
Suppose -5*w = 3*y - 56, -20 = -2*y - w + 15. Calculate the remainder when 83 is divided by y.
15
Let d = -12 - -26. What is the remainder when 52 is divided by d?
10
Let d = 157 - 72. What is the remainder when d is divided by 30?
25
What is the remainder when (-66)/8*((-32)/(-3))/(-1) is divided by 23?
19
Suppose -4*f - f = 240. Let m = 103 + f. Suppose -4*h = -m + 11. Calculate the remainder when h is divided by 7.
4
Let m = 7 + -12. Let v(a) = -2*a - 4. Let k be v(m). Let s = k + -3. What is the remainder when s is divided by 2?
1
Suppose -x = 3*x - 132. What is the remainder when x is divided by 18?
15
Suppose -s = -4*s - 3. Calculate the remainder when 91 is divided by 1 + 2 + 21 + s.
22
Let t(c) = -c**3 - 4*c**2 + 4*c + 4. Suppose -4*h + 2*z - 1196 = 0, 0 = h - 4*z - 0*z + 313. What is the remainder when h/(-12) + 1/4 is divided by t(-5)?
7
Suppose 0 = 3*r - 2*s - 2, -3*r = -5*r + 5*s - 17. What is the remainder when r is divided by ((-6)/4)/(2/(-4))?
1
Let m = -8 + 13. Suppose m - 77 = -2*s. Calculate the remainder when s is divided by 19.
17
Let q(k) = -k**3 - 9*k**2 - 9*k - 12. Let s be q(-8). Calculate the remainder when ((-12)/(-3))/s*-37 is divided by 19.
18
Suppose 4*h = 3*h + 12. What is the remainder when 33 is divided by h?
9
Let a = -27 + 47. Calculate the remainder when a is divided by 7.
6
Let q(r) = -r**3 + 12*r**2 - 11*r + 6. What is the remainder when 13 is divided by q(11)?
1
Let t(o) = -1 - 4*o**3 + 0*o**2 - 1 + o - 2*o**2. Let j(w) = -w**3 + 5*w**2 + w + 6. What is the remainder when t(-2) is divided by j(5)?
9
Suppose 4*l = 12 + 104. Let i = 19 - l. Let y = i + 56. What is the remainder when y is divided by 12?
10
Let x = 86 + -24. What is the remainder when x is divided by 21?
20
Let s(i) = 4*i**2 + i + 2. Suppose -o - 1 = -3. Suppose 3*r = -3*m + 9, -5*m - 4 = -4*m. Calculate the remainder when s(o) is divided by r.
6
What is the remainder when 17 is divided by (-48)/(-42)*(-7)/(-2)?
1
Let a be 1/(2 - (-7)/(-3)). Let m be 12/9*a/(-1). Suppose 0*j = -m*j + 184. Calculate the remainder when j is divided by 16.
14
Let x = 96 - 68. Suppose 0 = -2*c - 2*c + x. Suppose 3*t - 5*m = -10*m + 60, -3*m = 3*t - 60. What is the remainder when t is divided by c?
6
Suppose 5*d - 644 = -224. Calculate the remainder when d is divided by 22.
18
Calculate the remainder when 53 is divided by (1 - 2) + (15 - 0).
11
Suppose 3*h - 285 = -2*h. Calculate the remainder when h is divided by 10.
7
Let x = 9 + 2. Suppose 2*f + 102 = 2*u - 10, 2*u - 100 = -f. Suppose -u = -2*n + 10. What is the remainder when n is divided by x?
9
Suppose -5*t - 6 = -2*z + 54, 0 = -5*z + t + 127. Let w = z + -5. What is the remainder when w is divided by 11?
9
Calculate the remainder when (-4)/16 - (-21)/4 is divided by 4.
1
Suppose 4*y = 15 + 1. Suppose -y*f - 5*a + 52 = -a, -f + 11 = 2*a. Calculate the remainder when 58 is divided by f.
13
Suppose 0 = 2*r - x - 14 - 3, r = -x + 7. Let b = -44 - -78. Suppose -b = -3*n + 2*k, -5*n = 5*k - 72 - 18. Calculate the remainder when n is divided by r.
6
Let m be 1 - 5/(10/(-4)). Suppose m*b = 7*b - 132. What is the remainder when b is divided by 17?
16
Let r = -3 + 33. Suppose -2*j + 43 - 5 = 2*a, 3*j - 3*a - 39 = 0. Calculate the remainder when r is divided by j.
14
Let g = -12 - -32. Suppose -3*n = 3 + 3, -a + n = -g. What is the remainder when 34 is divided by a?
16
Let f(n) = -2*n**3 + 2*n + 67. What is the remainder when f(0) is divided by 28?
11
Suppose -3*i - 3 = 0, 0 = -4*o + 5*i - 6 + 23. Suppose 0 = -o*y - y + 44. Calculate the remainder when 31 is divided by y.
9
Let m = 6 + -6. Suppose 0*w - w + 24 = m. What is the remainder when w is divided by 13?
11
Suppose 3*x - x - 11 = -p, 3*x = p - 6. What is the remainder when 34 is divided by p?
7
Suppose -m + 1 = v - 5, 0 = -4*m + v + 24. Let a(w) = w**2 - 5*w - 3. Let y be a(6). Suppose y*b + 2*b - 80 = 0. What is the remainder when b is divided by m?
4
Let k be 2/(-8) - 13/(-4). Let p = 33 - k. What is the remainder when p is divided by 16?
14
Suppose -4 = 5*m - m, 3*v - 3*m = -9. Calculate the remainder when (v/(-3))/(4/84) is divided by 10.
8
Let v(z) = 4*z + 3. Let d be -3*(-4)/36*273. Let m = d - 55. Calculate the remainder when m is divided by v(4).
17
Let r(j) = j**2 - j**3 + 4*j + 8*j - 1 + 2*j**2 - 3*j. Let o be r(6). What is the remainder when (-1 - -2)/((-5)/o) is divided by 4?
3
Suppose -14 = -2*r - 6. Calculate the remainder when r is divided by 3.
1
Suppose 0*z = 2*t - 4*z + 8, -17 = -4*t - 3*z. Suppose -3*q - w = -3*w - 35, t*q = 5*w + 5. Let i = -67 - -111. What is the remainder when i is divided by q?
14
Let b be 1/(0 + 3/147). Let s = b - 28. Suppose s = d - 4*h, 4*h + 8 = -2*d + 2*h. Calculate the remainder when d is divided by 1.
0
Let b(n) = -n + 1. Let m be b(-3). Suppose -7*a = -m*a - 45. Calculate the remainder when 59 is divided by a.
14
Let w(q) = -3*q + 8. Let u be w(-7). Suppose 14 = -m - m - 2*f, 3*m = -5*f - u. Calculate the remainder when (m - -66) + -2 - 0 is divided by 21.
19
Let u = 21 + -5. What is the remainder when 46 is divided by u?
14
Let f = -10 - -20. Let z(i) = -i**2 - 7*i + 8. Let y be z(-6). Let q = y + -8. What is the remainder when f is divided by q?
4
Let o = -111 - -143. What is the remainder when o is divided by 11?
10
Suppose 22 = -r + 7. Let t = 24 + r. What is the remainder when 14 is divided by t?
5
What is the remainder when 550/8 + 7/28 is divided by 18?
15
Calculate the remainder when 66 is divided by 18 - 4/(-3 - -7).
15
Suppose a = 5 + 14. Calculate the remainder when (-1)/((-3)/168) - 1 is divided by a.
17
Let g = -11 + 20. What is the remainder when 33 is divided by g?
6
Let h = -6 - -10. Suppose -h*k = k - 20. Calculate the remainder when 6 is divided by k.
2
Let r = -7 + 7. Suppose h + 5*z - 47 = r, -118 = -3*h - 3*z - 25. Calculate the remainder when h is divided by 7.
6
Let k(w) = 18*w. Let v be k(4). Suppose -5*m + 4 = -16. Suppose 0 = -0*c + m*c - v. What is the remainder when 34 is divided by c?
16
Let d(p) = -2*p**2 - 34*p + 25. Calculate the remainder when d(-17) is divided by 11.
3
Suppose -3*b + 38 = 2*x, -b - 5*x + 3 = -1. What is the remainder when 68 is divided by b?
12
Suppose 4*n - 78 = n. Suppose 5*t - 44 = 31. Let z = n - t. What is the remainder when 31 is divided by z?
9
Let t(y) = 4*y**2 + 4*y - 3. What is the remainder when t(4) is divided by 20?
17
Let z be 3*2*(-4)/(-6). Suppose 0*b + b - 13 = z*i, -b = 5*i + 5. Let v(o) = 4*o - 6. What is the remainder when v(5) is divided by b?
4
Let v = -27 + 40. Let y(o) = 5*o - 6. Calculate the remainder when y(6) is divided by v.
11
Let l = -38 + 44. Calculate the remainder when 44 is divided by l.
2
Suppose -10 - 48 = -2*w. Calculate the remainder when 113 is divided by w.
26
Suppose 0 = i - 3 - 1. Suppose p = -i*p + 20. Calculate the remainder when (-2)/p*-1*74 is divided by 13.
11
What is the remainder when 44 is divided by 11 - 16/(-3 - 1)?
14
Let f be (-2)/(-2)*(1 - 2). Suppose 0 = 7*r - 223 + 55. What is the remainder when r is divided by 14 + 2*f/2?
11
Suppose -3*g + 37 = -95. Calculate the remainder when g is divided by 2/5 + (-146)/(-10).
14
Calculate the remainder when 88 is divided by 2/3 - (3 + 97/(-3)).
28
Let r(y) = y**3 - 7*y**2 + 2. Suppose -5*o + 8 = -7. Suppose -2*k - 9 = -3*m, 2*m + 0*k - 1 = o*k. What is the remainder when m is divided by r(7)?
1
Let r(w) = -w**2 - 6*w + 7. What is the remainder when 30 is divided by r(-5)?
6
Let y = 200 - 133. Calculate the remainder when y is divided by 18.
13
Let j = 130 + -15. Calculate the remainder when j is divided by 29.
28
Suppose -10 = -3*p + 17. What is the remainder when 62 is divided by p?
8
Suppose 0*i = 5*i - 80. Calculate the remainder when 63 is divided by i.
15
Let s(f) = -f**3 + 4*f**2 + f - 1. Let r = -6 - -9. What is the remainder when 64/(-6)*(-9)/3 is divided by s(r)?
10
Let v(a) = 2*a**3 - 5*a**2 + 3*a + 11. Calculate the remainder when v(4) is divided by 12.
11
Suppose -3*u + 79 = 4*b, -4*b + u + 71 = -4*u. Suppose 0*m = -m + 5. What is the remainder when b is divided by m?
4
Suppose 0 = -0*p + p 